{"id":12,"date":"2017-06-10T08:21:56","date_gmt":"2017-06-10T08:21:56","guid":{"rendered":"http:\/\/xtratheme.comconstruction\/?page_id=4"},"modified":"2023-01-22T17:37:32","modified_gmt":"2023-01-22T17:37:32","slug":"home","status":"publish","type":"page","link":"https:\/\/smartsolutions.ne\/","title":{"rendered":"Home"},"content":{"rendered":"<section class=\"wpb-content-wrapper\"><p>[vc_row full_width=&#8221;stretch_row&#8221; css=&#8221;.vc_custom_1576487857875{background-color: #3f51b5 !important;}&#8221;][vc_column][vc_row_inner][vc_column_inner width=&#8221;1\/2&#8243;][vc_custom_heading text=&#8221;Pr\u00e9sentation&#8221; font_container=&#8221;tag:h2|text_align:left|color:%23ffffff&#8221; use_theme_fonts=&#8221;yes&#8221;]<div class=\"cz_gap clr \" style=\"height: 20px\"><\/div>[vc_single_image image=&#8221;788&#8243; img_size=&#8221;full&#8221;][\/vc_column_inner][vc_column_inner width=&#8221;1\/2&#8243;]<div class=\"cz_gap clr \" style=\"height: 109px\"><\/div>[vc_custom_heading text=&#8221;Structure sp\u00e9cialis\u00e9e dans l\u2019int\u00e9gration<br \/>\nde solutions et de services informatiques<br \/>\n\u00ab Smart solutions \u00bb ambitionne d\u2019accompagner<br \/>\nles entreprises nig\u00e9riennes dansla r\u00e9alisation<br \/>\noptimale de leurs projets informatiques.<br \/>\nNos ressources techniques et commerciales,<br \/>\nexp\u00e9riment\u00e9es et certifi\u00e9es,seront en mesure<br \/>\nd\u2019apporter une r\u00e9ponse globale \u00e0 vos besoins<br \/>\nles plus complexes et satisfaire vos plus<br \/>\ngrandes exigence&#8221; font_container=&#8221;tag:p|text_align:left|color:%23ffffff&#8221; use_theme_fonts=&#8221;yes&#8221;][\/vc_column_inner][\/vc_row_inner][\/vc_column][\/vc_row][vc_row][vc_column][vc_custom_heading text=&#8221;Nos domaines d&#8217;intervention&#8221; font_container=&#8221;tag:h2|text_align:center&#8221; use_theme_fonts=&#8221;yes&#8221;]<div class=\"cz_gap clr  hide_on_tablet hide_on_mobile\" style=\"height: 35px\"><\/div><div class=\"cz_gap show_on_tablet clr \" style=\"height: 50px\"><\/div><div class=\"cz_gap clr  hide_on_tablet hide_on_mobile\" style=\"height: 18px\"><\/div><div class=\"cz_gap show_on_tablet clr \" style=\"height: 50px\"><\/div>[\/vc_column][\/vc_row][vc_row][vc_column width=&#8221;1\/3&#8243;][vc_single_image image=&#8221;790&#8243; img_size=&#8221;full&#8221;][vc_custom_heading text=&#8221;Service Et Support&#8221; font_container=&#8221;tag:h4|text_align:center&#8221; use_theme_fonts=&#8221;yes&#8221;][vc_column_text]<\/p>\n<pre style=\"text-align: center;\"><span dir=\"ltr\" role=\"presentation\">Afin de r\u00e9duire au maximum vos d\u00e9lai d\u2019indisponibilit\u00e9,<\/span><br role=\"presentation\" \/><span dir=\"ltr\" role=\"presentation\">nous vous offrons un service de support 24H\/24 \u2013 7J\/7<\/span><br role=\"presentation\" \/><span dir=\"ltr\" role=\"presentation\">Nos techniciens sont disponibles pour effectuer vos op\u00e9rations<\/span><br role=\"presentation\" \/><span dir=\"ltr\" role=\"presentation\">de Maintenances, Installations logicielle ou Syst\u00e8me d\u2019exploitations,<\/span><br role=\"presentation\" \/><span dir=\"ltr\" role=\"presentation\">Installations de correctifs ,etc<\/span><\/pre>\n<p>[\/vc_column_text][\/vc_column][vc_column width=&#8221;1\/3&#8243;][vc_single_image image=&#8221;791&#8243; img_size=&#8221;full&#8221;][vc_custom_heading text=&#8221;Infrastructures&#8221; font_container=&#8221;tag:h4|text_align:center&#8221; use_theme_fonts=&#8221;yes&#8221;][vc_column_text]<\/p>\n<pre><span dir=\"ltr\" role=\"presentation\">Un interlocuteur unique pour l\u2019acquisition et l\u2019int\u00e9gration d\u2019infrastructures.<\/span><br role=\"presentation\" \/><span dir=\"ltr\" role=\"presentation\">Serveurs : Plateforme X86, Sparc, etc.<\/span><br role=\"presentation\" \/><span dir=\"ltr\" role=\"presentation\">Syst\u00e8mes de Stockage : Baie de disques, NAS, SAN, etc.<\/span><br role=\"presentation\" \/><span dir=\"ltr\" role=\"presentation\">Syst\u00e8mes de Sauvegarde : Lecteur de Bande, Robot de sauvegarde,<\/span><br role=\"presentation\" \/><span dir=\"ltr\" role=\"presentation\">Appliance de sauvegarde<\/span><\/pre>\n<p>[\/vc_column_text][\/vc_column][vc_column width=&#8221;1\/3&#8243;][vc_single_image image=&#8221;792&#8243; img_size=&#8221;full&#8221;][vc_custom_heading text=&#8221;Technologie D&#8217;optimisation&#8221; font_container=&#8221;tag:h4|text_align:center&#8221; use_theme_fonts=&#8221;yes&#8221;][vc_column_text]<\/p>\n<pre style=\"text-align: center;\"><span dir=\"ltr\" role=\"presentation\">Virtualisation : Vmware, Hyper-V, etc.<\/span><br role=\"presentation\" \/><span dir=\"ltr\" role=\"presentation\">Consolidation : serveurs blade, etc.<\/span><br role=\"presentation\" \/><span dir=\"ltr\" role=\"presentation\">Haute disponibilit\u00e9 : site de secours, cluster, etc.<\/span><br role=\"presentation\" \/><span dir=\"ltr\" role=\"presentation\">Sauvegarde et restauration,<\/span><br role=\"presentation\" \/><span dir=\"ltr\" role=\"presentation\">Cryptage de donn\u00e9es,<\/span><br role=\"presentation\" \/><span dir=\"ltr\" role=\"presentation\">D\u00e9tections et pr\u00e9vention d\u2019intrusions r\u00e9seaux,<\/span><br role=\"presentation\" \/><span dir=\"ltr\" role=\"presentation\">Contr\u00f4le d\u2019acc\u00e8s physique et logique<\/span><\/pre>\n<p>[\/vc_column_text][\/vc_column][\/vc_row][vc_row][vc_column][vc_custom_heading text=&#8221;Ils nous ont fait confiance&#8221; font_container=&#8221;tag:h2|text_align:center&#8221; use_theme_fonts=&#8221;yes&#8221;][\/vc_column][\/vc_row][vc_row][vc_column][vc_images_carousel images=&#8221;797,798,799,800,801,802,803,804&#8243; img_size=&#8221;full&#8221; slides_per_view=&#8221;5&#8243; autoplay=&#8221;yes&#8221; hide_pagination_control=&#8221;yes&#8221; hide_prev_next_buttons=&#8221;yes&#8221; wrap=&#8221;yes&#8221;][\/vc_column][\/vc_row]<\/p>\n<\/section>","protected":false},"excerpt":{"rendered":"<p>[vc_row full_width=&#8221;stretch_row&#8221; css=&#8221;.vc_custom_1576487857875{background-color: #3f51b5 !important;}&#8221;][vc_column][vc_row_inner][vc_column_inner width=&#8221;1\/2&#8243;][vc_custom_heading text=&#8221;Pr\u00e9sentation&#8221; font_container=&#8221;tag:h2|text_align:left|color:%23ffffff&#8221; use_theme_fonts=&#8221;yes&#8221;][vc_single_image image=&#8221;788&#8243; img_size=&#8221;full&#8221;][\/vc_column_inner][vc_column_inner &#8230; <\/p>\n","protected":false},"author":1,"featured_media":0,"parent":0,"menu_order":0,"comment_status":"closed","ping_status":"closed","template":"","meta":[],"_links":{"self":[{"href":"https:\/\/smartsolutions.ne\/index.php\/wp-json\/wp\/v2\/pages\/12"}],"collection":[{"href":"https:\/\/smartsolutions.ne\/index.php\/wp-json\/wp\/v2\/pages"}],"about":[{"href":"https:\/\/smartsolutions.ne\/index.php\/wp-json\/wp\/v2\/types\/page"}],"author":[{"embeddable":true,"href":"https:\/\/smartsolutions.ne\/index.php\/wp-json\/wp\/v2\/users\/1"}],"replies":[{"embeddable":true,"href":"https:\/\/smartsolutions.ne\/index.php\/wp-json\/wp\/v2\/comments?post=12"}],"version-history":[{"count":10,"href":"https:\/\/smartsolutions.ne\/index.php\/wp-json\/wp\/v2\/pages\/12\/revisions"}],"predecessor-version":[{"id":805,"href":"https:\/\/smartsolutions.ne\/index.php\/wp-json\/wp\/v2\/pages\/12\/revisions\/805"}],"wp:attachment":[{"href":"https:\/\/smartsolutions.ne\/index.php\/wp-json\/wp\/v2\/media?parent=12"}],"curies":[{"name":"wp","href":"https:\/\/api.w.org\/{rel}","templated":true}]}}