{"id":811,"date":"2023-01-22T17:53:57","date_gmt":"2023-01-22T17:53:57","guid":{"rendered":"http:\/\/smartsolutions.ne\/wp\/?page_id=811"},"modified":"2023-01-22T17:53:57","modified_gmt":"2023-01-22T17:53:57","slug":"atouts-de-smart-solutions","status":"publish","type":"page","link":"https:\/\/smartsolutions.ne\/index.php\/atouts-de-smart-solutions\/","title":{"rendered":"ATOUTS DE SMART SOLUTIONS"},"content":{"rendered":"<ul>\n<li>Un relationnel tourn\u00e9 vers la satisfaction et l\u2019obtention de la confiance du client ;<\/li>\n<li>Une comp\u00e9tence issue de la valorisation des Hommes par des formations certifiantes ;<\/li>\n<li>Des m\u00e9thodes de travail, bas\u00e9es sur la souplesse, la r\u00e9activit\u00e9 et l\u2019efficacit\u00e9 ;<\/li>\n<\/ul>\n<p>Autant d\u2019\u00e9l\u00e9ments qui permettent \u00e0 SMART SOLUTIONS d\u2019offrir ainsi une meilleure Qualit\u00e9 de service \u00e0 ses clients<\/p>\n","protected":false},"excerpt":{"rendered":"<p>Un relationnel tourn\u00e9 vers la satisfaction et l\u2019obtention de la confiance &#8230; <\/p>\n","protected":false},"author":1,"featured_media":0,"parent":0,"menu_order":0,"comment_status":"closed","ping_status":"closed","template":"","meta":[],"_links":{"self":[{"href":"https:\/\/smartsolutions.ne\/index.php\/wp-json\/wp\/v2\/pages\/811"}],"collection":[{"href":"https:\/\/smartsolutions.ne\/index.php\/wp-json\/wp\/v2\/pages"}],"about":[{"href":"https:\/\/smartsolutions.ne\/index.php\/wp-json\/wp\/v2\/types\/page"}],"author":[{"embeddable":true,"href":"https:\/\/smartsolutions.ne\/index.php\/wp-json\/wp\/v2\/users\/1"}],"replies":[{"embeddable":true,"href":"https:\/\/smartsolutions.ne\/index.php\/wp-json\/wp\/v2\/comments?post=811"}],"version-history":[{"count":1,"href":"https:\/\/smartsolutions.ne\/index.php\/wp-json\/wp\/v2\/pages\/811\/revisions"}],"predecessor-version":[{"id":813,"href":"https:\/\/smartsolutions.ne\/index.php\/wp-json\/wp\/v2\/pages\/811\/revisions\/813"}],"wp:attachment":[{"href":"https:\/\/smartsolutions.ne\/index.php\/wp-json\/wp\/v2\/media?parent=811"}],"curies":[{"name":"wp","href":"https:\/\/api.w.org\/{rel}","templated":true}]}}